ber?
True
Suppose t + 5 = 12. Suppose 2 = u, -4*d - 5*u - 1751 = -t*d. Is d a prime number?
True
Suppose 0 = u + 5634 - 18497. Is u a composite number?
True
Let b = 27 - 22. Suppose -3*m - 2*i - 306 = m, b*m + 378 = -4*i. Let n = 205 + m. Is n prime?
True
Let a(s) = -157*s**3 + 3*s**2 + 2*s + 19. Is a(-3) a composite number?
True
Is ((-122338)/(-4))/((-330)/(-20) - 16) composite?
False
Let z = 116396 - 36123. Is z composite?
False
Let m be (-10)/(-4) - 7/(-14). Suppose 5*u + v = -m*v + 154, -60 = -2*u - 2*v. Is u a prime number?
False
Suppose 60800 - 2468 = 6*o. Is o a composite number?
True
Let i(r) = -439*r + 396. Is i(-35) a composite number?
False
Suppose 5454 = -3*q + 6*q. Let a be 5/25 + 10108/10. Let x = q - a. Is x prime?
False
Suppose -3*b + 1208 = -604. Let a = b - 227. Is a composite?
True
Let j(l) = 81*l**2 + 4*l + 1. Let n(m) = 81*m**2 + 4*m + 2. Let u(q) = -3*j(q) + 4*n(q). Is u(-2) composite?
True
Suppose -16 = 4*p + 4*c, p + 2*c = 5*p - 8. Suppose p = -7*k + 2*k + 250. Let q = -29 + k. Is q a composite number?
True
Let i(g) = 2*g - 2. Let m be i(3). Suppose -5*q - t + 449 = 0, -m*q + 2*q + 3*t = -166. Is q a prime number?
True
Let x(w) = -58*w - 9. Let y(d) = 231*d + 37. Let a(u) = -9*x(u) - 2*y(u). Let r be a(-3). Let g = 258 + r. Is g a prime number?
False
Let p = -24 - -20. Let m be p + 2 - (-7 + 1). Let b = m - -109. Is b a prime number?
True
Let t be 2/4 + (-18)/(-4). Suppose 4*y - t*g - 883 = -2*g, g = 3. Is y composite?
False
Suppose 2*n - 10259 = -67*k + 62*k, -n = -k - 5140. Is n a prime number?
False
Suppose 298183 = 56*w - 19*w. Is w a prime number?
True
Is ((-92)/6)/(4/(-1146)) prime?
False
Let k = -324 - -657. Suppose 2*z = 5*z - k. Is z a composite number?
True
Let h be (-1*1)/((-18)/12 - -1). Suppose 0 = h*l + w - 8833, w = -2*w - 3. Is l prime?
False
Is (-12)/21 - (148472/(-28) - -3) a prime number?
False
Let u = 46 + -43. Suppose -4*j + y - 69 + 1340 = 0, u*y = 15. Is j composite?
True
Is 230/4*1336/20 composite?
True
Let d = -12634 + 19323. Is d prime?
True
Let v = 2397 - 1104. Is v a prime number?
False
Suppose 2*p - 4*a = 29 + 3, 3*p - 42 = 4*a. Let f(s) = -p*s + 7 - 6*s + 0*s + 4*s. Is f(-7) composite?
True
Let y(d) = 63*d - 2. Let u = -5 - -20. Is y(u) a composite number?
True
Let o(x) = -290*x**2 - 4*x + 7. Let j be o(3). Let v = -1254 - j. Is v composite?
False
Let s = 18 - 11. Suppose 2*g - f = -1093, -2 = -3*f + s. Let j = g + 794. Is j prime?
False
Let v = -70320 - -99421. Is v composite?
False
Suppose 5*m + l = 26850, 10*l - 8*l + 5381 = m. Is m prime?
False
Let b = -30 + 27. Let p be -12 - (-2 + (b - -2)). Let y(m) = -8*m + 2. Is y(p) a composite number?
True
Suppose -3*i + 7011 = 3*f, 5*i - 4*i - 2321 = 3*f. Is i a prime number?
True
Is 14273/3 - (-7 - 92/(-12)) a prime number?
False
Let b(v) = v**3 - 6*v**2 + 8*v + 5. Let x be b(4). Suppose 1057 = 4*c - 39. Suppose d = -t - 0*d + 123, c = 2*t - x*d. Is t prime?
True
Let g be -4 - (-78 - 12/(-3)). Let s = -49 + g. Is s composite?
True
Let g = 341 + 8922. Is g composite?
True
Suppose 240057 = 87*l - 60*l. Is l a composite number?
True
Let r be (-4)/18 - (-29550)/54. Suppose 2*q - c = -1187, -r - 49 = q - 3*c. Let y = q + 1294. Is y a composite number?
False
Let t(k) = 7*k**3 - k. Let s be t(-1). Let y(r) = -7*r**3 - 4*r**2 + 2*r + 5. Is y(s) prime?
True
Let s(n) = 7*n**3 + 7*n**2 - 18*n + 7. Is s(5) prime?
True
Let r(m) be the third derivative of 293*m**8/20160 + m**5/20 + 5*m**2. Let k(d) be the third derivative of r(d). Is k(1) a prime number?
True
Let k(w) = -5*w**3 - 8*w**2 - w - 5. Let l be k(-7). Let v = -162 + l. Is v composite?
False
Suppose r - 2*r = -20. Let a = r + -30. Is (a/20)/((-1)/502) prime?
True
Let x be 46*(-414)/(-60) - 3/(-5). Suppose -x = -41*q + 35*q. Is q prime?
True
Is (-3)/18 + -1 + (-809465)/(-30) prime?
True
Suppose 49 + 14 = 3*r. Suppose -28*w = -r*w - 2737. Is w a prime number?
False
Let b = 85 + 564. Is b prime?
False
Suppose 12*p = 10*p + 4. Suppose p*f + 6051 = 4*h + 2247, 3*h = -2*f + 2867. Is h prime?
True
Suppose 30 = 4*t + 6. Suppose -2*n - t = -4*n + 2*v, 3*v = -4*n + 19. Is 26/39*1758/n a composite number?
False
Let y = 3848 - 1687. Let s = y + -408. Is s a prime number?
True
Let t(j) = 588*j**2 + 51*j + 277. Is t(-6) composite?
False
Suppose 0 = -4*r + 4*m + 5580, -2*r + 5*m + 1601 = -1183. Is r a prime number?
False
Suppose -1416*v + 1407*v = -18567. Is v a prime number?
True
Suppose -q = -7*z + 3*z - 92591, -4*z + 92567 = q. Is q a prime number?
False
Suppose -5*v - 1 = -2*t, 0 = 5*t - v + 2 + 7. Let i be t/((-2)/3) - -62. Suppose 2*w - 357 = i. Is w prime?
True
Suppose 0*c + 2*c = -3*t + 1005, -2523 = -5*c + 3*t. Let n = c - 119. Suppose 4*w - n = 243. Is w prime?
True
Let c(z) = 476*z + 239. Is c(31) prime?
False
Is ((-1847)/(-3))/(11/33) prime?
True
Let n be (-4 - (-152)/20)*120/1. Let y = n - -34. Is y a composite number?
True
Is 10202*2 - (-4 - 1) prime?
False
Let g(x) = x**3 - 9*x**2 + 5*x + 11. Let l = -12 + 19. Let w be g(l). Is 6/8 + (-27313)/w a composite number?
True
Let p = -20 - -916. Suppose -3*i + 532 + p = 0. Suppose 2*s + 5*w = i + 625, s + 4*w - 549 = 0. Is s a prime number?
False
Suppose 4*w - 7484 = -4*p, 6*w - 3754 = 4*w + p. Let g(h) = -5*h - 2. Let l be g(-2). Is w/12 + 6/l prime?
True
Suppose 128389 = 3*z - 5*h, 4*h + 7 = 23. Is z a composite number?
True
Suppose n + 6*n = 49. Suppose -n*s - 1519 = -14*s. Is s a prime number?
False
Suppose 0 = 13*u - 1102 - 1953. Is u composite?
True
Let x = 287 - -249. Let w = 2079 - x. Is w prime?
True
Suppose 2*h - 4*z = 3470, -h - 2*h + z = -5215. Is h + (-5 - (1 - 6)) a composite number?
True
Let r(x) = 85*x - 84. Is r(17) prime?
True
Suppose 3*h - 2*d = -23, -3*h + 3*d - 24 - 3 = 0. Is (0 + h)/((-3)/543) composite?
True
Is ((-26)/(-78))/(-2*(-1)/61602) a prime number?
True
Let z = 79 - 20. Is z prime?
True
Let p be (-6)/(8/(-1492) + 0). Suppose -32 + p = g. Is g a prime number?
True
Suppose 4*k - 20 - 12 = 4*a, 4*a = -12. Suppose y + 4*d - 115 = 0, k*y = 4*y + 3*d + 122. Is y a composite number?
True
Let t be 2 + (-22048)/(-4 + 0). Is (-28)/21*t/(-4) composite?
True
Let l(m) = 7*m**2 + 6*m + 43. Let x(k) = -k**2 - k - 1. Let c(b) = l(b) + 6*x(b). Is c(0) prime?
True
Let i be ((-2)/(-4))/((-18)/(-108)). Suppose -4*f - 2*x = -740, 0 = -2*f - i*f - 5*x + 915. Is f a composite number?
True
Let t(j) = -j**3 - 9*j**2 + j + 18. Let s be t(-14). Is s/16 - (-2)/4 prime?
False
Let t be 8/2 + -10 + 6. Suppose -n + t = -179. Is n prime?
True
Suppose -4*k + 11728 = g, 5*k - g + 10566 = 25235. Is k prime?
False
Suppose -u + 219 = 5*h, -5*u - 6*h + 3*h + 1029 = 0. Let l = u + 89. Is l composite?
False
Let j(o) = 66*o**2 - 42*o - 251. Is j(-7) a composite number?
True
Let y be 25*6/(-9)*-6 + 1. Suppose -4*o + 223 = 4*w - y, -233 = -3*o + 2*w. Is o a prime number?
True
Suppose 0 = 16*z - 12*z - 1492. Is z a composite number?
False
Is 162*1674/12 - -2 composite?
True
Let n be (-387)/(-135) + 2/15. Let l be (6/(-4))/((-3)/4). Suppose -n*x + 2555 = l*x. Is x prime?
False
Let f(n) = -302*n**3 - n. Let d be f(-1). Let b = 497 - d. Is b a composite number?
True
Suppose -5*g + 3*g = -8. Suppose s = g*m + 10, -5*m - 35 = 2*s - s. Is (-474)/s - 2/5 composite?
False
Let i(c) be the third derivative of -13*c**4/8 - 13*c**3/6 - 2*c**2. Is i(-18) a composite number?
True
Suppose -1479*s = -1471*s - 281608. Is s a prime number?
True
Suppose -5*p + 2 = 2*o - 10, -2*p = 0. Let s(z) = z**2 + 8*z - 3. Let n(r) = -r. Let j(c) = o*n(c) - s(c). Is j(-10) a prime number?
True
Let o(s) = -s**3 - 3*s**2 - 2. Let x be o(-3). Let f be x/(-1) - (5 + -7). Suppose -4*a + 3*l + 154 = 0, 3*a - 103 = -0*a - f*l. Is a composite?
False
Let r = -913 + 2044. Let a = 1970 - r. Is a a composite number?
False
Let w = 3 + -1. Suppose w*z - 2*d - 140 = 474, 3*d = z - 303. Let c = z - 76. Is c a prime number?
True
Is (16804/14)/(4*(-1)/(-14)) composite?
False
Suppose -2*d = 4*d - 2*d. Suppose u + 5*z - 33 = d, -u + 3*z - 41 = -2*u. Is u a composite number?
False
Let f(a) = -a**3 - 6*a**2 - 9*a - 37. Let z be f(-6). Let w(u) = 988*u**2 - u - 1. Let v be w(-1). Suppose -13*q - v = -z*q. Is q prime?
False
Let o(w) = -28*w - 26. Let g be o(-11). Suppose 3*a - 2*r - g = -3*r, 3*a + 4*r = 273. Is a a pri